{"id":114,"date":"2020-03-05T14:24:57","date_gmt":"2020-03-05T14:24:57","guid":{"rendered":"http:\/\/wp.hellekamps.de\/?page_id=114"},"modified":"2020-06-11T18:52:58","modified_gmt":"2020-06-11T18:52:58","slug":"grabgestaltung","status":"publish","type":"page","link":"https:\/\/www.hellekamps.de\/?page_id=114","title":{"rendered":"Grabgestaltung"},"content":{"rendered":"\n<p class=\"has-medium-font-size\"><strong>Grabgestaltung<\/strong><\/p>\n\n\n\n<p>Auch f\u00fcr die Gestaltung eines Grabes gibt es Mode-Trends. Wir sind auf vielen gro\u00dfen Gartenschauen als Austeller aktiv und wissen deshalb immer, welche neuen Pflanzen es&nbsp;f\u00fcr die Grabgestaltung gibt und wie sich das Design ver\u00e4ndert.<\/p>\n\n\n\n<figure class=\"wp-block-gallery columns-3 is-cropped wp-block-gallery-1 is-layout-flex wp-block-gallery-is-layout-flex\"><ul class=\"blocks-gallery-grid\"><li class=\"blocks-gallery-item\"><figure><img loading=\"lazy\" decoding=\"async\" width=\"1024\" height=\"683\" src=\"http:\/\/wp.hellekamps.de\/wp-content\/uploads\/2020\/03\/IMG_0085.jpg\" alt=\"\" data-id=\"115\" data-full-url=\"http:\/\/wp.hellekamps.de\/wp-content\/uploads\/2020\/03\/IMG_0085.jpg\" data-link=\"http:\/\/wp.hellekamps.de\/?attachment_id=115\" class=\"wp-image-115\" srcset=\"https:\/\/www.hellekamps.de\/wp-content\/uploads\/2020\/03\/IMG_0085.jpg 1024w, https:\/\/www.hellekamps.de\/wp-content\/uploads\/2020\/03\/IMG_0085-300x200.jpg 300w, https:\/\/www.hellekamps.de\/wp-content\/uploads\/2020\/03\/IMG_0085-768x512.jpg 768w\" sizes=\"auto, (max-width: 1024px) 100vw, 1024px\" \/><\/figure><\/li><li class=\"blocks-gallery-item\"><figure><img loading=\"lazy\" decoding=\"async\" width=\"1024\" height=\"683\" src=\"http:\/\/wp.hellekamps.de\/wp-content\/uploads\/2020\/03\/IMG_0077.jpg\" alt=\"\" data-id=\"116\" data-full-url=\"http:\/\/wp.hellekamps.de\/wp-content\/uploads\/2020\/03\/IMG_0077.jpg\" data-link=\"http:\/\/wp.hellekamps.de\/?attachment_id=116\" class=\"wp-image-116\" srcset=\"https:\/\/www.hellekamps.de\/wp-content\/uploads\/2020\/03\/IMG_0077.jpg 1024w, https:\/\/www.hellekamps.de\/wp-content\/uploads\/2020\/03\/IMG_0077-300x200.jpg 300w, https:\/\/www.hellekamps.de\/wp-content\/uploads\/2020\/03\/IMG_0077-768x512.jpg 768w\" sizes=\"auto, (max-width: 1024px) 100vw, 1024px\" \/><\/figure><\/li><li class=\"blocks-gallery-item\"><figure><img loading=\"lazy\" decoding=\"async\" width=\"1024\" height=\"683\" src=\"http:\/\/wp.hellekamps.de\/wp-content\/uploads\/2020\/03\/IMG_0083.jpg\" alt=\"\" data-id=\"117\" data-full-url=\"http:\/\/wp.hellekamps.de\/wp-content\/uploads\/2020\/03\/IMG_0083.jpg\" data-link=\"http:\/\/wp.hellekamps.de\/?attachment_id=117\" class=\"wp-image-117\" srcset=\"https:\/\/www.hellekamps.de\/wp-content\/uploads\/2020\/03\/IMG_0083.jpg 1024w, https:\/\/www.hellekamps.de\/wp-content\/uploads\/2020\/03\/IMG_0083-300x200.jpg 300w, https:\/\/www.hellekamps.de\/wp-content\/uploads\/2020\/03\/IMG_0083-768x512.jpg 768w\" sizes=\"auto, (max-width: 1024px) 100vw, 1024px\" \/><\/figure><\/li><li class=\"blocks-gallery-item\"><figure><img loading=\"lazy\" decoding=\"async\" width=\"1024\" height=\"683\" src=\"http:\/\/wp.hellekamps.de\/wp-content\/uploads\/2020\/03\/IMG_0087.jpg\" alt=\"\" data-id=\"118\" data-full-url=\"http:\/\/wp.hellekamps.de\/wp-content\/uploads\/2020\/03\/IMG_0087.jpg\" data-link=\"http:\/\/wp.hellekamps.de\/?attachment_id=118\" class=\"wp-image-118\" srcset=\"https:\/\/www.hellekamps.de\/wp-content\/uploads\/2020\/03\/IMG_0087.jpg 1024w, https:\/\/www.hellekamps.de\/wp-content\/uploads\/2020\/03\/IMG_0087-300x200.jpg 300w, https:\/\/www.hellekamps.de\/wp-content\/uploads\/2020\/03\/IMG_0087-768x512.jpg 768w\" sizes=\"auto, (max-width: 1024px) 100vw, 1024px\" \/><\/figure><\/li><li class=\"blocks-gallery-item\"><figure><img loading=\"lazy\" decoding=\"async\" width=\"1024\" height=\"683\" src=\"http:\/\/wp.hellekamps.de\/wp-content\/uploads\/2020\/03\/IMG_0090.jpg\" alt=\"\" data-id=\"119\" data-full-url=\"http:\/\/wp.hellekamps.de\/wp-content\/uploads\/2020\/03\/IMG_0090.jpg\" data-link=\"http:\/\/wp.hellekamps.de\/?attachment_id=119\" class=\"wp-image-119\" srcset=\"https:\/\/www.hellekamps.de\/wp-content\/uploads\/2020\/03\/IMG_0090.jpg 1024w, https:\/\/www.hellekamps.de\/wp-content\/uploads\/2020\/03\/IMG_0090-300x200.jpg 300w, https:\/\/www.hellekamps.de\/wp-content\/uploads\/2020\/03\/IMG_0090-768x512.jpg 768w\" sizes=\"auto, (max-width: 1024px) 100vw, 1024px\" \/><\/figure><\/li><li class=\"blocks-gallery-item\"><figure><img loading=\"lazy\" decoding=\"async\" width=\"1024\" height=\"683\" src=\"http:\/\/wp.hellekamps.de\/wp-content\/uploads\/2020\/03\/IMG_0092.jpg\" alt=\"\" data-id=\"120\" data-full-url=\"http:\/\/wp.hellekamps.de\/wp-content\/uploads\/2020\/03\/IMG_0092.jpg\" data-link=\"http:\/\/wp.hellekamps.de\/?attachment_id=120\" class=\"wp-image-120\" srcset=\"https:\/\/www.hellekamps.de\/wp-content\/uploads\/2020\/03\/IMG_0092.jpg 1024w, https:\/\/www.hellekamps.de\/wp-content\/uploads\/2020\/03\/IMG_0092-300x200.jpg 300w, https:\/\/www.hellekamps.de\/wp-content\/uploads\/2020\/03\/IMG_0092-768x512.jpg 768w\" sizes=\"auto, (max-width: 1024px) 100vw, 1024px\" \/><\/figure><\/li><li class=\"blocks-gallery-item\"><figure><img loading=\"lazy\" decoding=\"async\" width=\"1024\" height=\"683\" src=\"http:\/\/wp.hellekamps.de\/wp-content\/uploads\/2020\/03\/IMG_0177.jpg\" alt=\"\" data-id=\"121\" data-full-url=\"http:\/\/wp.hellekamps.de\/wp-content\/uploads\/2020\/03\/IMG_0177.jpg\" data-link=\"http:\/\/wp.hellekamps.de\/?attachment_id=121\" class=\"wp-image-121\" srcset=\"https:\/\/www.hellekamps.de\/wp-content\/uploads\/2020\/03\/IMG_0177.jpg 1024w, https:\/\/www.hellekamps.de\/wp-content\/uploads\/2020\/03\/IMG_0177-300x200.jpg 300w, https:\/\/www.hellekamps.de\/wp-content\/uploads\/2020\/03\/IMG_0177-768x512.jpg 768w\" sizes=\"auto, (max-width: 1024px) 100vw, 1024px\" \/><\/figure><\/li><li class=\"blocks-gallery-item\"><figure><img loading=\"lazy\" decoding=\"async\" width=\"1024\" height=\"683\" src=\"http:\/\/wp.hellekamps.de\/wp-content\/uploads\/2020\/03\/IMG_0179.jpg\" alt=\"\" data-id=\"122\" data-full-url=\"http:\/\/wp.hellekamps.de\/wp-content\/uploads\/2020\/03\/IMG_0179.jpg\" data-link=\"http:\/\/wp.hellekamps.de\/?attachment_id=122\" class=\"wp-image-122\" srcset=\"https:\/\/www.hellekamps.de\/wp-content\/uploads\/2020\/03\/IMG_0179.jpg 1024w, https:\/\/www.hellekamps.de\/wp-content\/uploads\/2020\/03\/IMG_0179-300x200.jpg 300w, https:\/\/www.hellekamps.de\/wp-content\/uploads\/2020\/03\/IMG_0179-768x512.jpg 768w\" sizes=\"auto, (max-width: 1024px) 100vw, 1024px\" \/><\/figure><\/li><li class=\"blocks-gallery-item\"><figure><img loading=\"lazy\" decoding=\"async\" width=\"1024\" height=\"683\" src=\"http:\/\/wp.hellekamps.de\/wp-content\/uploads\/2020\/03\/IMG_0180.jpg\" alt=\"\" data-id=\"123\" data-full-url=\"http:\/\/wp.hellekamps.de\/wp-content\/uploads\/2020\/03\/IMG_0180.jpg\" data-link=\"http:\/\/wp.hellekamps.de\/?attachment_id=123\" class=\"wp-image-123\" srcset=\"https:\/\/www.hellekamps.de\/wp-content\/uploads\/2020\/03\/IMG_0180.jpg 1024w, https:\/\/www.hellekamps.de\/wp-content\/uploads\/2020\/03\/IMG_0180-300x200.jpg 300w, https:\/\/www.hellekamps.de\/wp-content\/uploads\/2020\/03\/IMG_0180-768x512.jpg 768w\" sizes=\"auto, (max-width: 1024px) 100vw, 1024px\" \/><\/figure><\/li><li class=\"blocks-gallery-item\"><figure><img loading=\"lazy\" decoding=\"async\" width=\"1024\" height=\"683\" src=\"http:\/\/wp.hellekamps.de\/wp-content\/uploads\/2020\/03\/IMG_0181.jpg\" alt=\"\" data-id=\"124\" data-full-url=\"http:\/\/wp.hellekamps.de\/wp-content\/uploads\/2020\/03\/IMG_0181.jpg\" data-link=\"http:\/\/wp.hellekamps.de\/?attachment_id=124\" class=\"wp-image-124\" srcset=\"https:\/\/www.hellekamps.de\/wp-content\/uploads\/2020\/03\/IMG_0181.jpg 1024w, https:\/\/www.hellekamps.de\/wp-content\/uploads\/2020\/03\/IMG_0181-300x200.jpg 300w, https:\/\/www.hellekamps.de\/wp-content\/uploads\/2020\/03\/IMG_0181-768x512.jpg 768w\" sizes=\"auto, (max-width: 1024px) 100vw, 1024px\" \/><\/figure><\/li><li class=\"blocks-gallery-item\"><figure><img loading=\"lazy\" decoding=\"async\" width=\"1024\" height=\"683\" src=\"http:\/\/wp.hellekamps.de\/wp-content\/uploads\/2020\/03\/IMG_1297.jpg\" alt=\"\" data-id=\"125\" data-full-url=\"http:\/\/wp.hellekamps.de\/wp-content\/uploads\/2020\/03\/IMG_1297.jpg\" data-link=\"http:\/\/wp.hellekamps.de\/?attachment_id=125\" class=\"wp-image-125\" srcset=\"https:\/\/www.hellekamps.de\/wp-content\/uploads\/2020\/03\/IMG_1297.jpg 1024w, https:\/\/www.hellekamps.de\/wp-content\/uploads\/2020\/03\/IMG_1297-300x200.jpg 300w, https:\/\/www.hellekamps.de\/wp-content\/uploads\/2020\/03\/IMG_1297-768x512.jpg 768w\" sizes=\"auto, (max-width: 1024px) 100vw, 1024px\" \/><\/figure><\/li><li class=\"blocks-gallery-item\"><figure><img loading=\"lazy\" decoding=\"async\" width=\"1024\" height=\"683\" src=\"http:\/\/wp.hellekamps.de\/wp-content\/uploads\/2020\/03\/IMG_1302.jpg\" alt=\"\" data-id=\"126\" data-full-url=\"http:\/\/wp.hellekamps.de\/wp-content\/uploads\/2020\/03\/IMG_1302.jpg\" data-link=\"http:\/\/wp.hellekamps.de\/?attachment_id=126\" class=\"wp-image-126\" srcset=\"https:\/\/www.hellekamps.de\/wp-content\/uploads\/2020\/03\/IMG_1302.jpg 1024w, https:\/\/www.hellekamps.de\/wp-content\/uploads\/2020\/03\/IMG_1302-300x200.jpg 300w, https:\/\/www.hellekamps.de\/wp-content\/uploads\/2020\/03\/IMG_1302-768x512.jpg 768w\" sizes=\"auto, (max-width: 1024px) 100vw, 1024px\" \/><\/figure><\/li><li class=\"blocks-gallery-item\"><figure><img loading=\"lazy\" decoding=\"async\" width=\"683\" height=\"1024\" src=\"http:\/\/wp.hellekamps.de\/wp-content\/uploads\/2020\/03\/IMG_1306.jpg\" alt=\"\" data-id=\"127\" data-full-url=\"http:\/\/wp.hellekamps.de\/wp-content\/uploads\/2020\/03\/IMG_1306.jpg\" data-link=\"http:\/\/wp.hellekamps.de\/?attachment_id=127\" class=\"wp-image-127\" srcset=\"https:\/\/www.hellekamps.de\/wp-content\/uploads\/2020\/03\/IMG_1306.jpg 683w, https:\/\/www.hellekamps.de\/wp-content\/uploads\/2020\/03\/IMG_1306-200x300.jpg 200w\" sizes=\"auto, (max-width: 683px) 100vw, 683px\" \/><\/figure><\/li><li class=\"blocks-gallery-item\"><figure><img loading=\"lazy\" decoding=\"async\" width=\"1024\" height=\"683\" src=\"http:\/\/wp.hellekamps.de\/wp-content\/uploads\/2020\/03\/IMG_1308.jpg\" alt=\"\" data-id=\"128\" data-full-url=\"http:\/\/wp.hellekamps.de\/wp-content\/uploads\/2020\/03\/IMG_1308.jpg\" data-link=\"http:\/\/wp.hellekamps.de\/?attachment_id=128\" class=\"wp-image-128\" srcset=\"https:\/\/www.hellekamps.de\/wp-content\/uploads\/2020\/03\/IMG_1308.jpg 1024w, https:\/\/www.hellekamps.de\/wp-content\/uploads\/2020\/03\/IMG_1308-300x200.jpg 300w, https:\/\/www.hellekamps.de\/wp-content\/uploads\/2020\/03\/IMG_1308-768x512.jpg 768w\" sizes=\"auto, (max-width: 1024px) 100vw, 1024px\" \/><\/figure><\/li><li class=\"blocks-gallery-item\"><figure><img loading=\"lazy\" decoding=\"async\" width=\"1024\" height=\"683\" src=\"http:\/\/wp.hellekamps.de\/wp-content\/uploads\/2020\/03\/IMG_1322.jpg\" alt=\"\" data-id=\"129\" data-full-url=\"http:\/\/wp.hellekamps.de\/wp-content\/uploads\/2020\/03\/IMG_1322.jpg\" data-link=\"http:\/\/wp.hellekamps.de\/?attachment_id=129\" class=\"wp-image-129\" srcset=\"https:\/\/www.hellekamps.de\/wp-content\/uploads\/2020\/03\/IMG_1322.jpg 1024w, https:\/\/www.hellekamps.de\/wp-content\/uploads\/2020\/03\/IMG_1322-300x200.jpg 300w, https:\/\/www.hellekamps.de\/wp-content\/uploads\/2020\/03\/IMG_1322-768x512.jpg 768w\" sizes=\"auto, (max-width: 1024px) 100vw, 1024px\" \/><\/figure><\/li><li class=\"blocks-gallery-item\"><figure><img loading=\"lazy\" decoding=\"async\" width=\"683\" height=\"1024\" src=\"http:\/\/wp.hellekamps.de\/wp-content\/uploads\/2020\/03\/IMG_1325.jpg\" alt=\"\" data-id=\"130\" data-full-url=\"http:\/\/wp.hellekamps.de\/wp-content\/uploads\/2020\/03\/IMG_1325.jpg\" data-link=\"http:\/\/wp.hellekamps.de\/?attachment_id=130\" class=\"wp-image-130\" srcset=\"https:\/\/www.hellekamps.de\/wp-content\/uploads\/2020\/03\/IMG_1325.jpg 683w, https:\/\/www.hellekamps.de\/wp-content\/uploads\/2020\/03\/IMG_1325-200x300.jpg 200w\" sizes=\"auto, (max-width: 683px) 100vw, 683px\" \/><\/figure><\/li><li class=\"blocks-gallery-item\"><figure><img loading=\"lazy\" decoding=\"async\" width=\"1024\" height=\"683\" src=\"http:\/\/wp.hellekamps.de\/wp-content\/uploads\/2020\/03\/IMG_1326.jpg\" alt=\"\" data-id=\"131\" data-full-url=\"http:\/\/wp.hellekamps.de\/wp-content\/uploads\/2020\/03\/IMG_1326.jpg\" data-link=\"http:\/\/wp.hellekamps.de\/?attachment_id=131\" class=\"wp-image-131\" srcset=\"https:\/\/www.hellekamps.de\/wp-content\/uploads\/2020\/03\/IMG_1326.jpg 1024w, https:\/\/www.hellekamps.de\/wp-content\/uploads\/2020\/03\/IMG_1326-300x200.jpg 300w, https:\/\/www.hellekamps.de\/wp-content\/uploads\/2020\/03\/IMG_1326-768x512.jpg 768w\" sizes=\"auto, (max-width: 1024px) 100vw, 1024px\" \/><\/figure><\/li><li class=\"blocks-gallery-item\"><figure><img loading=\"lazy\" decoding=\"async\" width=\"683\" height=\"1024\" src=\"http:\/\/wp.hellekamps.de\/wp-content\/uploads\/2020\/03\/IMG_1327.jpg\" alt=\"\" data-id=\"132\" data-full-url=\"http:\/\/wp.hellekamps.de\/wp-content\/uploads\/2020\/03\/IMG_1327.jpg\" data-link=\"http:\/\/wp.hellekamps.de\/?attachment_id=132\" class=\"wp-image-132\" srcset=\"https:\/\/www.hellekamps.de\/wp-content\/uploads\/2020\/03\/IMG_1327.jpg 683w, https:\/\/www.hellekamps.de\/wp-content\/uploads\/2020\/03\/IMG_1327-200x300.jpg 200w\" sizes=\"auto, (max-width: 683px) 100vw, 683px\" \/><\/figure><\/li><\/ul><\/figure>\n\n\n\n<h4 class=\"wp-block-heading\">Tipps und Ideen<\/h4>\n\n\n\n<p>Die Form des Grabzeichens sollte als Leitlinie f\u00fcr die harmonische Gestaltung&nbsp;des Grabes dienen. Beispiel: Zu einem Zeichen mit Rundungen passen runde Beete&nbsp;und geschwungene Kanten auf dem Grab.<\/p>\n\n\n\n<p>Nimmt man mit der Bepflanzung die Farbe des Grabzeichens auf, entsteht ein&nbsp;harmonisches Bild. Mit dem Saisonbeet kann man aber auch bewusst farbliche&nbsp;Kontraste setzen.<\/p>\n\n\n\n<p>Das Saisonbeet ist die Experimentierfl\u00e4che in Sache Farbe auf dem Grab.&nbsp;<br>Zu jeder Saison k\u00f6nnen Sie neue Kombinationen ausprobieren und so schnell herausfinden,&nbsp;welche Farben gut passen und Ihnen am besten gefallen.<\/p>\n\n\n\n<p>Der Bodendecker sorgt als gro\u00dfe gr\u00fcne Fl\u00e4che f\u00fcr optische Ruhe auf dem Grab.&nbsp;Au\u00dferdem m\u00fcssen Gr\u00e4bern mit dem gr\u00fcnen Teppich aus Zwergmispel, Golderdbeere&nbsp;oder Spindelstrauch nicht so oft gegossen werden, weil das dichte Laubdach starke&nbsp;Verdunstung verhindert. Die Bodendecker, die wir verwenden, werden nur zwei Mal im&nbsp;Jahr geschnitten \u2013 diese Arbeit \u00fcbernehmen wir gern f\u00fcr Sie!<\/p>\n\n\n\n<p>Helle Farben kommen auf Gr\u00e4bern im Schatten am besten zur Geltung. Stark leuchtende Farben&nbsp;und sehr dunkle T\u00f6ne passen besser auf sonnige Lagen.<\/p>\n\n\n\n<p>Rosen, die als Symbole der Liebe bei der Grabgestaltung sehr beliebt sind, bleiben nur in sonnigen Lagen auf Dauer gesund. Wer bei Gr\u00e4bern im Schatten nicht auf Rosen verzichten will, sollte es einmal auf dem Saisonbeet im Sommer mit der K\u00f6nigin der Blumen probieren. Topfrosen passen dort am besten.<\/p>\n\n\n\n<p>Stauden sind zurzeit bei der Grabgestaltung stark im Trend. Die Golderdbeere verwenden wir gern als Bodendecker, andere Stauden passen sehr gut in die Rahmenbepflanzung, die in der Regel vor dem Grabzeichen angeordnet wird. Wichtig: Stauden bl\u00fchen nicht immer, mit Ihnen kann man aber sehr sch\u00f6ne jahreszeitliche Akzente setzen.<\/p>\n\n\n\n<p>Flache Trittsteine helfen nicht nur bei der Arbeit an gr\u00f6\u00dferen Gr\u00e4bern, sie sind auch die besten Ablage- und Stellfl\u00e4chen f\u00fcr Blumenstr\u00e4u\u00dfe, Vasen oder kleine Schalen.<\/p>\n\n\n\n<h4 class=\"wp-block-heading\">Symbole<\/h4>\n\n\n\n<p>Viele Pflanzen, die wir in der Grabgestaltung verwenden, sind starke Symbole. Immergr\u00fcne stehen f\u00fcr das ewige Leben, die Rose ist das Symbol f\u00fcr die Liebe und mit der Lilie verbinden wir Reinheit und die Jungfrau Maria. Bei den Farben steht Gr\u00fcn f\u00fcr das Leben, Blau symbolisiert das Wasser und die Treue, Wei\u00df ist Ausdruck der Reinheit, Rot markiert die Liebe, das Feuer sowie die Sehnsucht und Violett ist die Farbe der Kirche und des Glaubens. Die Symbolik bei der Grabgestaltung ist ein weites Feld, wir wissen dazu mehr und helfen Ihnen gern weiter.<\/p>\n\n\n\n<h4 class=\"wp-block-heading\">Pflegekalender<\/h4>\n\n\n\n<p>Unser kleiner Kalender zur Pflege von Gr\u00e4bern soll Sie eine kleine Hilfe sein. Da sich das Wetter immer wieder anders verh\u00e4lt, sollten Sie unsere Termine als Vorschl\u00e4ge verstehen.<\/p>\n\n\n\n<figure class=\"wp-block-image size-large\"><img loading=\"lazy\" decoding=\"async\" width=\"625\" height=\"608\" src=\"http:\/\/wp.hellekamps.de\/wp-content\/uploads\/2020\/03\/Grabpflegeverlauf-im-jahr.jpg\" alt=\"\" class=\"wp-image-133\" srcset=\"https:\/\/www.hellekamps.de\/wp-content\/uploads\/2020\/03\/Grabpflegeverlauf-im-jahr.jpg 625w, https:\/\/www.hellekamps.de\/wp-content\/uploads\/2020\/03\/Grabpflegeverlauf-im-jahr-300x292.jpg 300w\" sizes=\"auto, (max-width: 625px) 100vw, 625px\" \/><\/figure>\n","protected":false},"excerpt":{"rendered":"<p>Grabgestaltung Auch f\u00fcr die Gestaltung eines Grabes gibt es Mode-Trends. Wir sind auf vielen gro\u00dfen Gartenschauen als Austeller aktiv und wissen deshalb immer, welche neuen Pflanzen es&nbsp;f\u00fcr die Grabgestaltung gibt und wie sich das Design ver\u00e4ndert. Tipps und Ideen Die Form des Grabzeichens sollte als Leitlinie f\u00fcr die harmonische Gestaltung&nbsp;des Grabes dienen. Beispiel: Zu einem &hellip;<\/p>\n","protected":false},"author":1,"featured_media":122,"parent":0,"menu_order":0,"comment_status":"closed","ping_status":"closed","template":"","meta":{"footnotes":""},"class_list":["post-114","page","type-page","status-publish","has-post-thumbnail","hentry"],"_links":{"self":[{"href":"https:\/\/www.hellekamps.de\/index.php?rest_route=\/wp\/v2\/pages\/114","targetHints":{"allow":["GET"]}}],"collection":[{"href":"https:\/\/www.hellekamps.de\/index.php?rest_route=\/wp\/v2\/pages"}],"about":[{"href":"https:\/\/www.hellekamps.de\/index.php?rest_route=\/wp\/v2\/types\/page"}],"author":[{"embeddable":true,"href":"https:\/\/www.hellekamps.de\/index.php?rest_route=\/wp\/v2\/users\/1"}],"replies":[{"embeddable":true,"href":"https:\/\/www.hellekamps.de\/index.php?rest_route=%2Fwp%2Fv2%2Fcomments&post=114"}],"version-history":[{"count":4,"href":"https:\/\/www.hellekamps.de\/index.php?rest_route=\/wp\/v2\/pages\/114\/revisions"}],"predecessor-version":[{"id":267,"href":"https:\/\/www.hellekamps.de\/index.php?rest_route=\/wp\/v2\/pages\/114\/revisions\/267"}],"wp:featuredmedia":[{"embeddable":true,"href":"https:\/\/www.hellekamps.de\/index.php?rest_route=\/wp\/v2\/media\/122"}],"wp:attachment":[{"href":"https:\/\/www.hellekamps.de\/index.php?rest_route=%2Fwp%2Fv2%2Fmedia&parent=114"}],"curies":[{"name":"wp","href":"https:\/\/api.w.org\/{rel}","templated":true}]}}