{"id":137,"date":"2020-03-05T14:28:51","date_gmt":"2020-03-05T14:28:51","guid":{"rendered":"http:\/\/wp.hellekamps.de\/?page_id=137"},"modified":"2020-06-11T18:49:33","modified_gmt":"2020-06-11T18:49:33","slug":"datenschutzerklaerung","status":"publish","type":"page","link":"https:\/\/www.hellekamps.de\/?page_id=137","title":{"rendered":"Datenschutzerkl\u00e4rung"},"content":{"rendered":"\n<p class=\"has-medium-font-size\"><strong>Datenschutzerkl\u00e4rung<\/strong><\/p>\n\n\n\n<p><strong>1. Allgemeines<\/strong><\/p>\n\n\n\n<p><strong>1.1 Was sind personenbezogene Daten<\/strong><br>Personenbezogene Daten sind Angaben, die die Identit\u00e4t des Nutzers offenlegen oder&nbsp;offenlegen k\u00f6nnen. Wir halten uns an den Grundsatz der Datenvermeidung. Es wird soweit&nbsp;wie m\u00f6glich auf die Erhebung von personenbezogenen Daten verzichtet.<\/p>\n\n\n\n<p><strong>1.2 Umgang mit personenbezogenen Daten<\/strong><br>Personenbezogene Daten dienen ausschlie\u00dflich der Vertragsbegr\u00fcndung,&nbsp;<br>inhaltlichen Ausgestaltung, Durchf\u00fchrung oder Abwicklung des Vertragsverh\u00e4ltnisses&nbsp;(Art. 6 I b DSGVO). Dar\u00fcber hinaus werden personenbezogene Daten nur verarbeitet,&nbsp;soweit wir hierzu Ihre Einwilligung erhalten haben (Art. 6 I a DSGVO). Sie werden grunds\u00e4tzlich&nbsp;<br>nicht an Dritte weitergegeben. Die Verarbeitung Ihrer personenbezogenen Daten erfolgt&nbsp;ausschlie\u00dflich innerhalb der EU.<\/p>\n\n\n\n<p><strong>1.3 Nutzungsdaten<\/strong><br>Beim Besuch der Webseite werden allgemeine technische Informationen erhoben.&nbsp;Dies sind die verwendete IP-Adresse, Uhrzeit, Dauer des Besuchs, Browsertyp und ggf.&nbsp;die Herkunftsseite. Diese Nutzungsdaten werden technisch bedingt in einem Logfile registriert&nbsp;und k\u00f6nnen zum Zwecke der Statistikauswertung dieser Webseite benutzt und gespeichert werden.&nbsp;Eine Verkn\u00fcpfung dieser Nutzungsdaten mit Ihren weiteren personenbezogenen Daten findet nicht statt.<\/p>\n\n\n\n<p><strong>1.4 Dauer der Speicherung<\/strong><br>Wir speichern Ihre personenbezogenen Daten nach der Beendigung des Zwecks,&nbsp;f\u00fcr welchen die Daten erhoben wurden, nur solange, wie dies auf Grund der gesetzlichen&nbsp;(insbesondere steuerrechtlichen) Vorschriften erforderlich ist.&nbsp;<\/p>\n\n\n\n<p><strong>2. Ihre Rechte<\/strong><\/p>\n\n\n\n<p><strong>2.1 Auskunft<\/strong><br>Sie k\u00f6nnen von uns eine Auskunft dar\u00fcber verlangen, ob wir personenbezogene Daten von Ihnen verarbeiten und soweit dies der Fall ist haben Sie ein Recht auf Auskunft \u00fcber diese personenbezogenen Daten und auf die in Art. 15 DSGVO genannten weiteren Informationen.<\/p>\n\n\n\n<p><strong>2.2 Recht auf Berichtigung<\/strong><br>Sie haben das Recht auf Berichtigung der Sie betreffenden unrichtigen personenbezogenen Daten und k\u00f6nnen gem\u00e4\u00df Art. 16 DSGVO die Vervollst\u00e4ndigung unvollst\u00e4ndiger personenbezogener Daten verlangen.<\/p>\n\n\n\n<p><strong>2.3 Recht auf L\u00f6schung<\/strong><br>Sie haben das Recht von uns zu verlangen, dass die Sie betreffenden personenbezogenen Daten unverz\u00fcglich gel\u00f6scht werden. Wir sind verpflichtet diese unverz\u00fcglich zu l\u00f6schen, insbesondere sofern einer der folgenden Gr\u00fcnde zutrifft:<br>\u2022\tIhre personenbezogenen Daten sind f\u00fcr die Zwecke, f\u00fcr die sie erhoben oder auf sonstige Weise verarbeitet wurden, nicht mehr notwendig.<br>\u2022\tSie widerrufen ihre Einwilligung, auf die sich die Verarbeitung Ihrer Daten st\u00fctzte, und es fehlt an einer anderweitigen Rechtsgrundlage f\u00fcr die Verarbeitung.<br>\u2022\tIhre Daten wurden unrechtm\u00e4\u00dfig verarbeitet.<br>Das Recht auf L\u00f6schung besteht nicht, soweit Ihre personenbezogenen Daten zur Geltendmachung, Aus\u00fcbung oder Verteidigung unserer Rechtsanspr\u00fcche erforderlich sind.<\/p>\n\n\n\n<p><strong>2.4 Recht auf Einschr\u00e4nkung der Verarbeitung<\/strong><br>Sie haben das Recht von uns die Einschr\u00e4nkung der Verarbeitung Ihrer personenbezogenen Daten zu verlangen, wenn<br>\u2022 Sie die Richtigkeit der Daten bestreiten und wir daher die Richtigkeit \u00fcberpr\u00fcfen,<br>\u2022 die Verarbeitung unrechtm\u00e4\u00dfig ist und Sie die L\u00f6schung ablehnen und stattdessen die Einschr\u00e4nkung der Nutzung verlangen<br>\u2022 wir die Daten nicht l\u00e4nger ben\u00f6tigen, Sie diese jedoch zur Geltendmachung, Aus\u00fcbung oder Verteidigung von Rechtsanspr\u00fcchen ben\u00f6tigen,<br>\u2022 Sie Widerspruch gegen die Verarbeitung Ihrer Daten eingelegt haben, und noch nicht feststeht, ob unsere berechtigten Gr\u00fcnde gegen\u00fcber Ihren Gr\u00fcnden \u00fcberwiegen.<\/p>\n\n\n\n<p><strong>2.5 Recht auf Daten\u00fcbertragbarkeit<\/strong><br>Sie haben das Recht die Sie betreffenden personenbezogenen Daten, die Sie uns bereitgestellt haben, in einem strukturierten, g\u00e4ngigen und maschinenlesbaren Format zu erhalten und Sie haben das Recht, diese Daten einem anderen Verantwortlichen ohne Behinderung durch uns zu \u00fcbermitteln, sofern die Verarbeitung auf einer Einwilligung oder einem Vertrag beruht und die Verarbeitung bei uns mithilfe automatisierter Verfahren erfolgt.<\/p>\n\n\n\n<p><strong>2.6 Widerrufsrecht<\/strong><br>Soweit die Verarbeitung Ihrer personenbezogenen Daten auf einer Einwilligung beruht, haben Sie das Recht diese Einwilligung jederzeit zu widerrufen.<\/p>\n\n\n\n<p><strong>2.7 Allgemeines und Beschwerderecht<\/strong><br>Die Aus\u00fcbung Ihrer vorstehenden Rechte ist f\u00fcr Sie grunds\u00e4tzlich kostenlos. Sie haben das Recht sich bei Beschwerden direkt an die f\u00fcr uns zust\u00e4ndige Aufsichtsbeh\u00f6rde, den Landesdatenschutzbeauftragen, zu wenden.&nbsp;<\/p>\n\n\n\n<p><strong>3. Datensicherheit<\/strong><\/p>\n\n\n\n<p><strong>3.1 Datensicherheit<\/strong><br>S\u00e4mtliche Daten auf unserer Website werden durch technische und organisatorische Ma\u00dfnahmen gegen Verlust, Zerst\u00f6rung, Zugriff, Ver\u00e4nderung und Verbreitung gesichert.<\/p>\n\n\n\n<p><strong>3.2 Sessions und Cookies<\/strong><br>Zur Bedienung des Internetauftritts k\u00f6nnen wir Cookies oder serverseitige Sessions einsetzen, in denen Daten gespeichert werden k\u00f6nnen. Cookies dienen dabei z.B. auch der pers\u00f6nlichen Begr\u00fc\u00dfung mit dem Mitgliedsnamen. Cookies sind Dateien, die von einer Webseite auf Ihrer Festplatte abgelegt werden, um diesen Computer beim n\u00e4chsten Webseitenbesuch automatisch wieder zu erkennen und damit die Nutzung der Webseite an Sie anpassen zu k\u00f6nnen. Einige der verwendeten Cookies werden nach dem Ende der Browser-Sitzung wieder gel\u00f6scht. Dabei handelt es sich um sogenannte Sitzungs-Cookies. Andere Cookies verbleiben auf Ihrem Endger\u00e4t und erm\u00f6glichen die Wiedererkennung des Browsers bei einem sp\u00e4teren Besuch unserer Website (dauerhafte Cookies). Sie k\u00f6nnen Ihren Browser so einstellen, dass Sie \u00fcber das Setzen von Cookies informiert werden und einzeln \u00fcber deren Annahme entscheiden oder die Annahme von Cookies f\u00fcr bestimmte F\u00e4lle oder generell ausschlie\u00dfen. Bitte beachten Sie dabei, dass Sie m\u00f6glicherweise einige Funktionen dieser Website nicht nutzen k\u00f6nnen, wenn die Cookies deaktiviert sind. Wir stellen sicher, dass keine personenbezogenen Daten aus Sessions oder durch Cookies \u00fcbernommen werden und Cookies nur eingesetzt werden, sofern dies f\u00fcr die Website erforderlich ist. Somit ergibt die Abw\u00e4gung, dass keine \u00fcberwiegenden Interessen Ihrerseits entgegenstehen (Art. 6 I f DSGVO).<\/p>\n\n\n\n<p><strong>4. Nutzung von Google Maps<\/strong><\/p>\n\n\n\n<p>Diese Website benutzt Google Maps, einen Kartendienst von Google, betrieben von der Google Inc.,1600 Amphitheatre Parkway, Mountain View, CA 94043, USA (\u201eGoogle\u201c). Bei der Nutzung von Google Maps werden auch Daten \u00fcber die Nutzung der Maps-Funktionen durch Besucher der Webseiten erhoben, verarbeitet und genutzt. Die Datenschutzhinweise von Google kann der Kunde auf http:\/\/www.google.de\/intl\/de\/policies\/privacy\/ einsehen. Die zus\u00e4tzlichen Nutzungshinweise f\u00fcr Google Maps kann der Kunde auf http:\/\/www.google.com\/intl\/de_de\/help\/terms_maps.html einsehen.<\/p>\n\n\n\n<p><strong>5. Kontaktaufnahme<\/strong><\/p>\n\n\n\n<p>Zur Kontaktaufnahme bez\u00fcglich des Datenschutzes k\u00f6nnen Sie sich gern an uns unter Verwendung der nachfolgenden Kontaktm\u00f6glichkeiten wenden. Verantwortlicher im Sinne der DSGVO:<\/p>\n\n\n\n<p>Friedhofsg\u00e4rtnerei und Blumenhaus Hellekamps-Rottler e.K., <br>Inh. Karl Braun<br>Klosterstr. 69<br>41747 Viersen<\/p>\n\n\n\n<p>E-Mail: info@hellekamps.de<br>Telefon: 02162 12268<\/p>\n","protected":false},"excerpt":{"rendered":"<p>Datenschutzerkl\u00e4rung 1. Allgemeines 1.1 Was sind personenbezogene DatenPersonenbezogene Daten sind Angaben, die die Identit\u00e4t des Nutzers offenlegen oder&nbsp;offenlegen k\u00f6nnen. Wir halten uns an den Grundsatz der Datenvermeidung. Es wird soweit&nbsp;wie m\u00f6glich auf die Erhebung von personenbezogenen Daten verzichtet. 1.2 Umgang mit personenbezogenen DatenPersonenbezogene Daten dienen ausschlie\u00dflich der Vertragsbegr\u00fcndung,&nbsp;inhaltlichen Ausgestaltung, Durchf\u00fchrung oder Abwicklung des Vertragsverh\u00e4ltnisses&nbsp;(Art. 6 &hellip;<\/p>\n","protected":false},"author":1,"featured_media":0,"parent":0,"menu_order":0,"comment_status":"closed","ping_status":"closed","template":"","meta":{"footnotes":""},"class_list":["post-137","page","type-page","status-publish","hentry"],"_links":{"self":[{"href":"https:\/\/www.hellekamps.de\/index.php?rest_route=\/wp\/v2\/pages\/137","targetHints":{"allow":["GET"]}}],"collection":[{"href":"https:\/\/www.hellekamps.de\/index.php?rest_route=\/wp\/v2\/pages"}],"about":[{"href":"https:\/\/www.hellekamps.de\/index.php?rest_route=\/wp\/v2\/types\/page"}],"author":[{"embeddable":true,"href":"https:\/\/www.hellekamps.de\/index.php?rest_route=\/wp\/v2\/users\/1"}],"replies":[{"embeddable":true,"href":"https:\/\/www.hellekamps.de\/index.php?rest_route=%2Fwp%2Fv2%2Fcomments&post=137"}],"version-history":[{"count":2,"href":"https:\/\/www.hellekamps.de\/index.php?rest_route=\/wp\/v2\/pages\/137\/revisions"}],"predecessor-version":[{"id":262,"href":"https:\/\/www.hellekamps.de\/index.php?rest_route=\/wp\/v2\/pages\/137\/revisions\/262"}],"wp:attachment":[{"href":"https:\/\/www.hellekamps.de\/index.php?rest_route=%2Fwp%2Fv2%2Fmedia&parent=137"}],"curies":[{"name":"wp","href":"https:\/\/api.w.org\/{rel}","templated":true}]}}