{"id":23,"date":"2020-03-05T13:46:04","date_gmt":"2020-03-05T13:46:04","guid":{"rendered":"http:\/\/wp.hellekamps.de\/?page_id=23"},"modified":"2020-06-12T13:40:19","modified_gmt":"2020-06-12T13:40:19","slug":"blumengeschaeft","status":"publish","type":"page","link":"https:\/\/www.hellekamps.de\/?page_id=23","title":{"rendered":"Blumengesch\u00e4ft"},"content":{"rendered":"\n<p class=\"has-medium-font-size\"><strong>Blumengesch\u00e4ft<\/strong><\/p>\n\n\n\n<p>Blumen und Pflanzen, die wir immer frisch von Lieferanten aus unserer Region einkaufen, stehen in unserem Blumengesch\u00e4ft im Vordergrund. Ganz gleich ob\u00a0Sie einen sch\u00f6nen Blumenstrau\u00df verschenken m\u00f6chten, eine Dekoration f\u00fcr\u00a0ein Familienfest brauchen oder einen kleinen blumigen Gru\u00df f\u00fcr ein Grab suchen, unsere Floristen haben f\u00fcr Sie die passende, nach Jahreszeiten wechselnde Auswahl.\u00a0Ganz bewusst haben wir nur wenige Accessoires im Angebot \u2013 f\u00fcr uns sind Blumen\u00a0und Pflanzen die Hauptpersonen!<\/p>\n\n\n\n<p>Weitere Informationen zu unseren Leistungen finden Sie auf diesen Seiten:<br>&#8211; <a href=\"http:\/\/wp.hellekamps.de\/?page_id=42\">Pflanzenverkauf<\/a><br>&#8211; <a href=\"http:\/\/wp.hellekamps.de\/?page_id=44\">Trauerbinderei<\/a><br>&#8211; <a href=\"http:\/\/wp.hellekamps.de\/?page_id=87\">Floristik<\/a><\/p>\n\n\n\n<figure class=\"wp-block-image size-large\"><img loading=\"lazy\" decoding=\"async\" width=\"1024\" height=\"853\" src=\"http:\/\/wp.hellekamps.de\/wp-content\/uploads\/2020\/06\/Oeffnungszeiten-1024x853.png\" alt=\"\" class=\"wp-image-285\" srcset=\"https:\/\/www.hellekamps.de\/wp-content\/uploads\/2020\/06\/Oeffnungszeiten-1024x853.png 1024w, https:\/\/www.hellekamps.de\/wp-content\/uploads\/2020\/06\/Oeffnungszeiten-300x250.png 300w, https:\/\/www.hellekamps.de\/wp-content\/uploads\/2020\/06\/Oeffnungszeiten-768x639.png 768w, https:\/\/www.hellekamps.de\/wp-content\/uploads\/2020\/06\/Oeffnungszeiten.png 1500w\" sizes=\"auto, (max-width: 1024px) 100vw, 1024px\" \/><\/figure>\n","protected":false},"excerpt":{"rendered":"<p>Blumengesch\u00e4ft Blumen und Pflanzen, die wir immer frisch von Lieferanten aus unserer Region einkaufen, stehen in unserem Blumengesch\u00e4ft im Vordergrund. Ganz gleich ob\u00a0Sie einen sch\u00f6nen Blumenstrau\u00df verschenken m\u00f6chten, eine Dekoration f\u00fcr\u00a0ein Familienfest brauchen oder einen kleinen blumigen Gru\u00df f\u00fcr ein Grab suchen, unsere Floristen haben f\u00fcr Sie die passende, nach Jahreszeiten wechselnde Auswahl.\u00a0Ganz bewusst haben &hellip;<\/p>\n","protected":false},"author":1,"featured_media":30,"parent":0,"menu_order":0,"comment_status":"closed","ping_status":"closed","template":"","meta":{"footnotes":""},"class_list":["post-23","page","type-page","status-publish","has-post-thumbnail","hentry"],"_links":{"self":[{"href":"https:\/\/www.hellekamps.de\/index.php?rest_route=\/wp\/v2\/pages\/23","targetHints":{"allow":["GET"]}}],"collection":[{"href":"https:\/\/www.hellekamps.de\/index.php?rest_route=\/wp\/v2\/pages"}],"about":[{"href":"https:\/\/www.hellekamps.de\/index.php?rest_route=\/wp\/v2\/types\/page"}],"author":[{"embeddable":true,"href":"https:\/\/www.hellekamps.de\/index.php?rest_route=\/wp\/v2\/users\/1"}],"replies":[{"embeddable":true,"href":"https:\/\/www.hellekamps.de\/index.php?rest_route=%2Fwp%2Fv2%2Fcomments&post=23"}],"version-history":[{"count":9,"href":"https:\/\/www.hellekamps.de\/index.php?rest_route=\/wp\/v2\/pages\/23\/revisions"}],"predecessor-version":[{"id":287,"href":"https:\/\/www.hellekamps.de\/index.php?rest_route=\/wp\/v2\/pages\/23\/revisions\/287"}],"wp:featuredmedia":[{"embeddable":true,"href":"https:\/\/www.hellekamps.de\/index.php?rest_route=\/wp\/v2\/media\/30"}],"wp:attachment":[{"href":"https:\/\/www.hellekamps.de\/index.php?rest_route=%2Fwp%2Fv2%2Fmedia&parent=23"}],"curies":[{"name":"wp","href":"https:\/\/api.w.org\/{rel}","templated":true}]}}