{"id":42,"date":"2020-03-05T13:46:49","date_gmt":"2020-03-05T13:46:49","guid":{"rendered":"http:\/\/wp.hellekamps.de\/?page_id=42"},"modified":"2020-06-12T13:53:06","modified_gmt":"2020-06-12T13:53:06","slug":"pflanzenverkauf","status":"publish","type":"page","link":"https:\/\/www.hellekamps.de\/?page_id=42","title":{"rendered":"Pflanzenverkauf"},"content":{"rendered":"\n<p class=\"has-medium-font-size\"><strong>Pflanzenverkauf<\/strong><\/p>\n\n\n\n<p>Im Fr\u00fchling, Sommer und Herbst bieten wir Ihnen vor unserem Gesch\u00e4ft&nbsp;und im Gew\u00e4chshaus die passenden Pflanzen der Saison f\u00fcr Beete, Balkone,&nbsp;Terrassen und das Grab an. <\/p>\n\n\n\n<p>Dankbare Stiefm\u00fctterchen und Hornveilchen im Fr\u00fchling,&nbsp;die \u00fcppige Bl\u00fctenpracht der Begonien f\u00fcr den Sommer und die freundlichen&nbsp;Pastellfarben der Heidepflanzen im Herbst sind nur die bekanntesten Beispiele&nbsp;f\u00fcr die Saisonbepflanzung.<\/p>\n\n\n\n<p>Wir helfen Ihnen nicht nur beim Zusammenstellen von&nbsp;passenden Kombinationen, auf Wunsch bepflanzen wir f\u00fcr Sie Schalen und K\u00e4sten.<\/p>\n\n\n\n<div class=\"wp-block-image\"><figure class=\"aligncenter size-large is-resized\"><img decoding=\"async\" src=\"http:\/\/wp.hellekamps.de\/wp-content\/uploads\/2020\/06\/Oeffnungszeiten-1024x853.png\" alt=\"\" class=\"wp-image-285\" width=\"500\" srcset=\"https:\/\/www.hellekamps.de\/wp-content\/uploads\/2020\/06\/Oeffnungszeiten-1024x853.png 1024w, https:\/\/www.hellekamps.de\/wp-content\/uploads\/2020\/06\/Oeffnungszeiten-300x250.png 300w, https:\/\/www.hellekamps.de\/wp-content\/uploads\/2020\/06\/Oeffnungszeiten-768x639.png 768w, https:\/\/www.hellekamps.de\/wp-content\/uploads\/2020\/06\/Oeffnungszeiten.png 1500w\" sizes=\"(max-width: 1024px) 100vw, 1024px\" \/><\/figure><\/div>\n","protected":false},"excerpt":{"rendered":"<p>Pflanzenverkauf Im Fr\u00fchling, Sommer und Herbst bieten wir Ihnen vor unserem Gesch\u00e4ft&nbsp;und im Gew\u00e4chshaus die passenden Pflanzen der Saison f\u00fcr Beete, Balkone,&nbsp;Terrassen und das Grab an. Dankbare Stiefm\u00fctterchen und Hornveilchen im Fr\u00fchling,&nbsp;die \u00fcppige Bl\u00fctenpracht der Begonien f\u00fcr den Sommer und die freundlichen&nbsp;Pastellfarben der Heidepflanzen im Herbst sind nur die bekanntesten Beispiele&nbsp;f\u00fcr die Saisonbepflanzung. Wir helfen &hellip;<\/p>\n","protected":false},"author":1,"featured_media":125,"parent":0,"menu_order":0,"comment_status":"closed","ping_status":"closed","template":"","meta":{"footnotes":""},"class_list":["post-42","page","type-page","status-publish","has-post-thumbnail","hentry"],"_links":{"self":[{"href":"https:\/\/www.hellekamps.de\/index.php?rest_route=\/wp\/v2\/pages\/42","targetHints":{"allow":["GET"]}}],"collection":[{"href":"https:\/\/www.hellekamps.de\/index.php?rest_route=\/wp\/v2\/pages"}],"about":[{"href":"https:\/\/www.hellekamps.de\/index.php?rest_route=\/wp\/v2\/types\/page"}],"author":[{"embeddable":true,"href":"https:\/\/www.hellekamps.de\/index.php?rest_route=\/wp\/v2\/users\/1"}],"replies":[{"embeddable":true,"href":"https:\/\/www.hellekamps.de\/index.php?rest_route=%2Fwp%2Fv2%2Fcomments&post=42"}],"version-history":[{"count":7,"href":"https:\/\/www.hellekamps.de\/index.php?rest_route=\/wp\/v2\/pages\/42\/revisions"}],"predecessor-version":[{"id":297,"href":"https:\/\/www.hellekamps.de\/index.php?rest_route=\/wp\/v2\/pages\/42\/revisions\/297"}],"wp:featuredmedia":[{"embeddable":true,"href":"https:\/\/www.hellekamps.de\/index.php?rest_route=\/wp\/v2\/media\/125"}],"wp:attachment":[{"href":"https:\/\/www.hellekamps.de\/index.php?rest_route=%2Fwp%2Fv2%2Fmedia&parent=42"}],"curies":[{"name":"wp","href":"https:\/\/api.w.org\/{rel}","templated":true}]}}

<p class="has-medium-font-size"><strong>Pflanzenverkauf</strong></p>



<p>Im Frühling, Sommer und Herbst bieten wir Ihnen vor unserem Geschäft&nbsp;und im Gewächshaus die passenden Pflanzen der Saison für Beete, Balkone,&nbsp;Terrassen und das Grab an. </p>



<p>Dankbare Stiefmütterchen und Hornveilchen im Frühling,&nbsp;die üppige Blütenpracht der Begonien für den Sommer und die freundlichen&nbsp;Pastellfarben der Heidepflanzen im Herbst sind nur die bekanntesten Beispiele&nbsp;für die Saisonbepflanzung.</p>



<p>Wir helfen Ihnen nicht nur beim Zusammenstellen von&nbsp;passenden Kombinationen, auf Wunsch bepflanzen wir für Sie Schalen und Kästen.</p>



<div class="wp-block-image"><figure class="aligncenter size-large is-resized"><img decoding="async" src="http://wp.hellekamps.de/wp-content/uploads/2020/06/Oeffnungszeiten-1024x853.png" alt="" class="wp-image-285" width="500" srcset="https://www.hellekamps.de/wp-content/uploads/2020/06/Oeffnungszeiten-1024x853.png 1024w, https://www.hellekamps.de/wp-content/uploads/2020/06/Oeffnungszeiten-300x250.png 300w, https://www.hellekamps.de/wp-content/uploads/2020/06/Oeffnungszeiten-768x639.png 768w, https://www.hellekamps.de/wp-content/uploads/2020/06/Oeffnungszeiten.png 1500w" sizes="(max-width: 1024px) 100vw, 1024px" /></figure></div>

<p>Pflanzenverkauf Im Frühling, Sommer und Herbst bieten wir Ihnen vor unserem Geschäft&nbsp;und im Gewächshaus die passenden Pflanzen der Saison für Beete, Balkone,&nbsp;Terrassen und das Grab an. Dankbare Stiefmütterchen und Hornveilchen im Frühling,&nbsp;die üppige Blütenpracht der Begonien für den Sommer und die freundlichen&nbsp;Pastellfarben der Heidepflanzen im Herbst sind nur die bekanntesten Beispiele&nbsp;für die Saisonbepflanzung. Wir helfen &hellip;</p>
